{"id":142,"date":"2023-04-29T21:47:43","date_gmt":"2023-04-29T21:47:43","guid":{"rendered":"https:\/\/recyclen.hu\/?post_type=product&#038;p=142"},"modified":"2023-04-29T21:48:11","modified_gmt":"2023-04-29T21:48:11","slug":"egyenes-sik-feluletu-agyasszegely","status":"publish","type":"product","link":"https:\/\/recyclen.hu\/index.php\/termek\/egyenes-sik-feluletu-agyasszegely\/","title":{"rendered":"Egyenes (s\u00edk fel\u00fclet\u0171) \u00e1gy\u00e1sszeg\u00e9ly"},"content":{"rendered":"<p><strong>M\u00e9ret:<\/strong> 1000x145x8 mm | Egyedi m\u00e9ret is rendelhet\u0151<br \/>\n<strong>El\u0151nyei:<\/strong><\/p>\n<ul>\n<li>A szeg\u00e9ly seg\u00edts\u00e9g\u00e9vel gy\u00f6ny\u00f6r\u0171 \u00edveket, hat\u00e1rozott, de alig l\u00e1that\u00f3 v\u00e1laszvonalat alak\u00edthatunk ki.<\/li>\n<li>M\u00e9ret\u00e9b\u0151l ad\u00f3d\u00f3an k\u00f6nnyen lehet vele kalkul\u00e1lni, sz\u00e1ll\u00edthat\u00f3s\u00e1ga k\u00f6nny\u0171 fajs\u00falya miatt szem\u00e9lyaut\u00f3val is egyszer\u0171en megoldhat\u00f3.<\/li>\n<li>Pontos m\u00e9retre v\u00e1g\u00e1sa f\u0171r\u00e9sszel megval\u00f3s\u00edthat\u00f3, a v\u00e1gott darab a k\u00f6t\u0151elem seg\u00edts\u00e9g\u00e9vel felhaszn\u00e1lhat\u00f3.<\/li>\n<\/ul>\n","protected":false},"excerpt":{"rendered":"<p><strong>M\u00e9ret:<\/strong> 1000x145x8 mm | Egyedi m\u00e9ret is rendelhet\u0151<br \/>\n<strong>El\u0151nyei:<\/strong><\/p>\n<ul>\n<li>A szeg\u00e9ly seg\u00edts\u00e9g\u00e9vel gy\u00f6ny\u00f6r\u0171 \u00edveket, hat\u00e1rozott, de alig l\u00e1that\u00f3 v\u00e1laszvonalat alak\u00edthatunk ki.<\/li>\n<li>M\u00e9ret\u00e9b\u0151l ad\u00f3d\u00f3an k\u00f6nnyen lehet vele kalkul\u00e1lni, sz\u00e1ll\u00edthat\u00f3s\u00e1ga k\u00f6nny\u0171 fajs\u00falya miatt szem\u00e9lyaut\u00f3val is egyszer\u0171en megoldhat\u00f3.<\/li>\n<li>Pontos m\u00e9retre v\u00e1g\u00e1sa f\u0171r\u00e9sszel megval\u00f3s\u00edthat\u00f3, a v\u00e1gott darab a k\u00f6t\u0151elem seg\u00edts\u00e9g\u00e9vel felhaszn\u00e1lhat\u00f3.<\/li>\n<\/ul>\n","protected":false},"featured_media":191,"comment_status":"open","ping_status":"closed","template":"","meta":[],"product_cat":[19,28],"product_tag":[],"class_list":{"0":"post-142","1":"product","2":"type-product","3":"status-publish","4":"has-post-thumbnail","6":"product_cat-lemeztermekek","7":"product_cat-siklemezek","9":"first","10":"instock","11":"shipping-taxable","12":"product-type-simple"},"_links":{"self":[{"href":"https:\/\/recyclen.hu\/index.php\/wp-json\/wp\/v2\/product\/142","targetHints":{"allow":["GET"]}}],"collection":[{"href":"https:\/\/recyclen.hu\/index.php\/wp-json\/wp\/v2\/product"}],"about":[{"href":"https:\/\/recyclen.hu\/index.php\/wp-json\/wp\/v2\/types\/product"}],"replies":[{"embeddable":true,"href":"https:\/\/recyclen.hu\/index.php\/wp-json\/wp\/v2\/comments?post=142"}],"version-history":[{"count":0,"href":"https:\/\/recyclen.hu\/index.php\/wp-json\/wp\/v2\/product\/142\/revisions"}],"wp:featuredmedia":[{"embeddable":true,"href":"https:\/\/recyclen.hu\/index.php\/wp-json\/wp\/v2\/media\/191"}],"wp:attachment":[{"href":"https:\/\/recyclen.hu\/index.php\/wp-json\/wp\/v2\/media?parent=142"}],"wp:term":[{"taxonomy":"product_cat","embeddable":true,"href":"https:\/\/recyclen.hu\/index.php\/wp-json\/wp\/v2\/product_cat?post=142"},{"taxonomy":"product_tag","embeddable":true,"href":"https:\/\/recyclen.hu\/index.php\/wp-json\/wp\/v2\/product_tag?post=142"}],"curies":[{"name":"wp","href":"https:\/\/api.w.org\/{rel}","templated":true}]}}