{"id":140,"date":"2023-04-29T21:47:43","date_gmt":"2023-04-29T21:47:43","guid":{"rendered":"https:\/\/recyclen.hu\/?post_type=product&#038;p=140"},"modified":"2023-04-29T21:48:10","modified_gmt":"2023-04-29T21:48:10","slug":"villamvedelmi-szigetelolemez","status":"publish","type":"product","link":"https:\/\/recyclen.hu\/index.php\/termek\/villamvedelmi-szigetelolemez\/","title":{"rendered":"Vill\u00e1mv\u00e9delmi szigetel\u0151lemez"},"content":{"rendered":"<p><strong>M\u00e9retek:<\/strong><\/p>\n<ul>\n<li>700&#215;700 mm<\/li>\n<li>600&#215;600 mm<\/li>\n<li>400&#215;400 mm<\/li>\n<li>300&#215;300 mm<\/li>\n<li>200&#215;200 mm<\/li>\n<\/ul>\n<p><strong>Vastags\u00e1g:<\/strong> 10-11 mm<br \/>\n<strong>Alapanyaga:<\/strong> Poliolefin<br \/>\n<strong>Alkalmaz\u00e1sa:<\/strong> Lapostet\u0151kn\u00e9l alkalmazhat\u00f3 vill\u00e1mv\u00e9delemi c\u00e9lokra az MSZ.274\/3-81. sz. szabv\u00e1ny 4.3.2.4. pont el\u0151\u00edr\u00e1sainak megfelel\u0151en.<br \/>\nA felfog\u00f3 vezet\u0151t tart\u00f3 betong\u00fal\u00e1k al\u00e1 helyezhet\u0151. A tart\u00f3r\u00fad a T5 csoportba tartoz\u00f3 tet\u0151re helyezett betont\u00f6mbbe er\u0151s\u00edthet\u0151; az id\u0151j\u00e1r\u00e1snak ellen\u00e1ll\u00f3, legal\u00e1bb 120 KV \u00e1t\u00fct\u0151-l\u00f6k\u0151 fesz\u00fclts\u00e9g\u00fb, minden ir\u00e1nyba 20 cm-rel t\u00falny\u00fal\u00f3 m\u00fbanyag szigetel\u0151lap pedig a betont\u00f6mb al\u00e1 helyezhet\u0151.<\/p>\n","protected":false},"excerpt":{"rendered":"<p><strong>M\u00e9retek:<\/strong><\/p>\n<ul>\n<li>700&#215;700 mm<\/li>\n<li>600&#215;600 mm<\/li>\n<li>400&#215;400 mm<\/li>\n<li>300&#215;300 mm<\/li>\n<li>200&#215;200 mm<\/li>\n<\/ul>\n<p><strong>Vastags\u00e1g:<\/strong> 10-11 mm<br \/>\n<strong>Alapanyaga:<\/strong> Poliolefin<br \/>\n<strong>Alkalmaz\u00e1sa:<\/strong> Lapostet\u0151kn\u00e9l alkalmazhat\u00f3 vill\u00e1mv\u00e9delemi c\u00e9lokra az MSZ.274\/3-81. sz. szabv\u00e1ny 4.3.2.4. pont el\u0151\u00edr\u00e1sainak megfelel\u0151en.<br \/>\nA felfog\u00f3 vezet\u0151t tart\u00f3 betong\u00fal\u00e1k al\u00e1 helyezhet\u0151. A tart\u00f3r\u00fad a T5 csoportba tartoz\u00f3 tet\u0151re helyezett betont\u00f6mbbe er\u0151s\u00edthet\u0151; az id\u0151j\u00e1r\u00e1snak ellen\u00e1ll\u00f3, legal\u00e1bb 120 KV \u00e1t\u00fct\u0151-l\u00f6k\u0151 fesz\u00fclts\u00e9g\u00fb, minden ir\u00e1nyba 20 cm-rel t\u00falny\u00fal\u00f3 m\u00fbanyag szigetel\u0151lap pedig a betont\u00f6mb al\u00e1 helyezhet\u0151.<\/p>\n","protected":false},"featured_media":187,"comment_status":"open","ping_status":"closed","template":"","meta":[],"product_cat":[19,28],"product_tag":[],"class_list":{"0":"post-140","1":"product","2":"type-product","3":"status-publish","4":"has-post-thumbnail","6":"product_cat-lemeztermekek","7":"product_cat-siklemezek","9":"first","10":"instock","11":"shipping-taxable","12":"product-type-simple"},"_links":{"self":[{"href":"https:\/\/recyclen.hu\/index.php\/wp-json\/wp\/v2\/product\/140","targetHints":{"allow":["GET"]}}],"collection":[{"href":"https:\/\/recyclen.hu\/index.php\/wp-json\/wp\/v2\/product"}],"about":[{"href":"https:\/\/recyclen.hu\/index.php\/wp-json\/wp\/v2\/types\/product"}],"replies":[{"embeddable":true,"href":"https:\/\/recyclen.hu\/index.php\/wp-json\/wp\/v2\/comments?post=140"}],"version-history":[{"count":0,"href":"https:\/\/recyclen.hu\/index.php\/wp-json\/wp\/v2\/product\/140\/revisions"}],"wp:featuredmedia":[{"embeddable":true,"href":"https:\/\/recyclen.hu\/index.php\/wp-json\/wp\/v2\/media\/187"}],"wp:attachment":[{"href":"https:\/\/recyclen.hu\/index.php\/wp-json\/wp\/v2\/media?parent=140"}],"wp:term":[{"taxonomy":"product_cat","embeddable":true,"href":"https:\/\/recyclen.hu\/index.php\/wp-json\/wp\/v2\/product_cat?post=140"},{"taxonomy":"product_tag","embeddable":true,"href":"https:\/\/recyclen.hu\/index.php\/wp-json\/wp\/v2\/product_tag?post=140"}],"curies":[{"name":"wp","href":"https:\/\/api.w.org\/{rel}","templated":true}]}}

Villámvédelmi szigetelőlemez

<p><strong>Méretek:</strong></p>
<ul>
<li>700&#215;700 mm</li>
<li>600&#215;600 mm</li>
<li>400&#215;400 mm</li>
<li>300&#215;300 mm</li>
<li>200&#215;200 mm</li>
</ul>
<p><strong>Vastagság:</strong> 10-11 mm<br />
<strong>Alapanyaga:</strong> Poliolefin<br />
<strong>Alkalmazása:</strong> Lapostetőknél alkalmazható villámvédelemi célokra az MSZ.274/3-81. sz. szabvány 4.3.2.4. pont előírásainak megfelelően.<br />
A felfogó vezetőt tartó betongúlák alá helyezhető. A tartórúd a T5 csoportba tartozó tetőre helyezett betontömbbe erősíthető; az időjárásnak ellenálló, legalább 120 KV átütő-lökő feszültségû, minden irányba 20 cm-rel túlnyúló mûanyag szigetelőlap pedig a betontömb alá helyezhető.</p>
