{"id":139,"date":"2023-04-29T21:47:43","date_gmt":"2023-04-29T21:47:43","guid":{"rendered":"https:\/\/recyclen.hu\/?post_type=product&#038;p=139"},"modified":"2023-04-29T21:48:05","modified_gmt":"2023-04-29T21:48:05","slug":"kabelvedo-lemez","status":"publish","type":"product","link":"https:\/\/recyclen.hu\/index.php\/termek\/kabelvedo-lemez\/","title":{"rendered":"K\u00e1belv\u00e9d\u0151 lemez"},"content":{"rendered":"<p><strong>Sz\u00e9less\u00e9gi m\u00e9retek:<\/strong><\/p>\n<ul>\n<li>100 mm<\/li>\n<li>150 mm<\/li>\n<li>200 mm<\/li>\n<li>250 mm<\/li>\n<li>400 mm<\/li>\n<li>Egyedi m\u00e9ret is rendelhet\u0151<\/li>\n<\/ul>\n<p><strong>Hossz:<\/strong><\/p>\n<ul>\n<li>1000 mm<\/li>\n<li>1200 mm<\/li>\n<\/ul>\n<p><strong>Vastags\u00e1g:<\/strong> 10-11 mm<br \/>\n<strong>Alapanyaga:<\/strong> \u00fajrahasznos\u00edtott l\u00e1gy \u00e9s kem\u00e9ny polivinil-klorid (PVC)<br \/>\n<strong>Alkalmaz\u00e1sa:<\/strong> Az MSZ 13207-2000 szabv\u00e1ny el\u0151\u00edrja, hogy a 3,6\/6kV \u00e9s nagyobb fesz\u00fclts\u00e9g\u0171 k\u00e1bel talajszint fel\u0151l okozott s\u00e9r\u00fcl\u00e9sinek cs\u00f6kkent\u00e9s\u00e9re \u00e9s a munk\u00e1t v\u00e9gz\u0151 \u00e9letv\u00e9delme \u00e9rdek\u00e9ben a k\u00e1beleket bor\u00edt\u00f3 \u00e1gyaz\u00f3 r\u00e9tegre v\u00e9d\u0151bor\u00edt\u00e1st kell elhelyezni.<br \/>\nA szabv\u00e1ny szerint a v\u00e9d\u0151bor\u00edt\u00e1s kialak\u00edthat\u00f3 k\u00e1belt\u00e9gl\u00e1b\u00f3l, vagy legal\u00e1bb a t\u00e9gl\u00e1z\u00e1ssal egyenszil\u00e1rds\u00e1g\u00fa \u00e9s megfelel\u0151 m\u00e9ret\u0171 m\u0171anyaglemezb\u0151l, vagy betonlapokb\u00f3l.<br \/>\nA m\u0171anyag lap nem csak k\u00e1belek takar\u00e1s\u00e1ra alkalmas, hanem a k\u00e1belek egym\u00e1st\u00f3l t\u00f6rt\u00e9n\u0151 elv\u00e1laszt\u00e1s\u00e1ra is. A m\u0171anyag k\u00e1belfedlap telep\u00edt\u00e9s\u00e9vel kapcsolatosan az MSZ13207-2000 magyar szabv\u00e1nyban el\u0151\u00edrtak k\u00f6telez\u0151en betartand\u00f3.<\/p>\n","protected":false},"excerpt":{"rendered":"<p><strong>Sz\u00e9less\u00e9gi m\u00e9retek:<\/strong><\/p>\n<ul>\n<li>100 mm<\/li>\n<li>150 mm<\/li>\n<li>200 mm<\/li>\n<li>250 mm<\/li>\n<li>400 mm<\/li>\n<li>Egyedi m\u00e9ret is rendelhet\u0151<\/li>\n<\/ul>\n<p><strong>Hossz:<\/strong><\/p>\n<ul>\n<li>1000 mm<\/li>\n<li>1200 mm<\/li>\n<\/ul>\n<p><strong>Vastags\u00e1g:<\/strong> 10-11 mm<br \/>\n<strong>Alapanyaga:<\/strong> \u00fajrahasznos\u00edtott l\u00e1gy \u00e9s kem\u00e9ny polivinil-klorid (PVC)<br \/>\n<strong>Alkalmaz\u00e1sa:<\/strong> Az MSZ 13207-2000 szabv\u00e1ny el\u0151\u00edrja, hogy a 3,6\/6kV \u00e9s nagyobb fesz\u00fclts\u00e9g\u0171 k\u00e1bel talajszint fel\u0151l okozott s\u00e9r\u00fcl\u00e9sinek cs\u00f6kkent\u00e9s\u00e9re \u00e9s a munk\u00e1t v\u00e9gz\u0151 \u00e9letv\u00e9delme \u00e9rdek\u00e9ben a k\u00e1beleket bor\u00edt\u00f3 \u00e1gyaz\u00f3 r\u00e9tegre v\u00e9d\u0151bor\u00edt\u00e1st kell elhelyezni.<br \/>\nA szabv\u00e1ny szerint a v\u00e9d\u0151bor\u00edt\u00e1s kialak\u00edthat\u00f3 k\u00e1belt\u00e9gl\u00e1b\u00f3l, vagy legal\u00e1bb a t\u00e9gl\u00e1z\u00e1ssal egyenszil\u00e1rds\u00e1g\u00fa \u00e9s megfelel\u0151 m\u00e9ret\u0171 m\u0171anyaglemezb\u0151l, vagy betonlapokb\u00f3l.<br \/>\nA m\u0171anyag lap nem csak k\u00e1belek takar\u00e1s\u00e1ra alkalmas, hanem a k\u00e1belek egym\u00e1st\u00f3l t\u00f6rt\u00e9n\u0151 elv\u00e1laszt\u00e1s\u00e1ra is. A m\u0171anyag k\u00e1belfedlap telep\u00edt\u00e9s\u00e9vel kapcsolatosan az MSZ13207-2000 magyar szabv\u00e1nyban el\u0151\u00edrtak k\u00f6telez\u0151en betartand\u00f3.<\/p>\n","protected":false},"featured_media":186,"comment_status":"open","ping_status":"closed","template":"","meta":[],"product_cat":[19,28],"product_tag":[],"class_list":{"0":"post-139","1":"product","2":"type-product","3":"status-publish","4":"has-post-thumbnail","6":"product_cat-lemeztermekek","7":"product_cat-siklemezek","9":"first","10":"instock","11":"shipping-taxable","12":"product-type-simple"},"_links":{"self":[{"href":"https:\/\/recyclen.hu\/index.php\/wp-json\/wp\/v2\/product\/139","targetHints":{"allow":["GET"]}}],"collection":[{"href":"https:\/\/recyclen.hu\/index.php\/wp-json\/wp\/v2\/product"}],"about":[{"href":"https:\/\/recyclen.hu\/index.php\/wp-json\/wp\/v2\/types\/product"}],"replies":[{"embeddable":true,"href":"https:\/\/recyclen.hu\/index.php\/wp-json\/wp\/v2\/comments?post=139"}],"version-history":[{"count":0,"href":"https:\/\/recyclen.hu\/index.php\/wp-json\/wp\/v2\/product\/139\/revisions"}],"wp:featuredmedia":[{"embeddable":true,"href":"https:\/\/recyclen.hu\/index.php\/wp-json\/wp\/v2\/media\/186"}],"wp:attachment":[{"href":"https:\/\/recyclen.hu\/index.php\/wp-json\/wp\/v2\/media?parent=139"}],"wp:term":[{"taxonomy":"product_cat","embeddable":true,"href":"https:\/\/recyclen.hu\/index.php\/wp-json\/wp\/v2\/product_cat?post=139"},{"taxonomy":"product_tag","embeddable":true,"href":"https:\/\/recyclen.hu\/index.php\/wp-json\/wp\/v2\/product_tag?post=139"}],"curies":[{"name":"wp","href":"https:\/\/api.w.org\/{rel}","templated":true}]}}

Kábelvédő lemez

<p><strong>Szélességi méretek:</strong></p>
<ul>
<li>100 mm</li>
<li>150 mm</li>
<li>200 mm</li>
<li>250 mm</li>
<li>400 mm</li>
<li>Egyedi méret is rendelhető</li>
</ul>
<p><strong>Hossz:</strong></p>
<ul>
<li>1000 mm</li>
<li>1200 mm</li>
</ul>
<p><strong>Vastagság:</strong> 10-11 mm<br />
<strong>Alapanyaga:</strong> újrahasznosított lágy és kemény polivinil-klorid (PVC)<br />
<strong>Alkalmazása:</strong> Az MSZ 13207-2000 szabvány előírja, hogy a 3,6/6kV és nagyobb feszültségű kábel talajszint felől okozott sérülésinek csökkentésére és a munkát végző életvédelme érdekében a kábeleket borító ágyazó rétegre védőborítást kell elhelyezni.<br />
A szabvány szerint a védőborítás kialakítható kábeltéglából, vagy legalább a téglázással egyenszilárdságú és megfelelő méretű műanyaglemezből, vagy betonlapokból.<br />
A műanyag lap nem csak kábelek takarására alkalmas, hanem a kábelek egymástól történő elválasztására is. A műanyag kábelfedlap telepítésével kapcsolatosan az MSZ13207-2000 magyar szabványban előírtak kötelezően betartandó.</p>
