{"id":128,"date":"2023-04-29T21:47:42","date_gmt":"2023-04-29T21:47:42","guid":{"rendered":"https:\/\/recyclen.hu\/?post_type=product&#038;p=128"},"modified":"2023-04-29T21:47:53","modified_gmt":"2023-04-29T21:47:53","slug":"jelzotablatalp-iii","status":"publish","type":"product","link":"https:\/\/recyclen.hu\/index.php\/termek\/jelzotablatalp-iii\/","title":{"rendered":"Jelz\u0151t\u00e1blatalp III."},"content":{"rendered":"<p><strong>M\u00e9ret:<\/strong> 600x400x95 mm<br \/>\n<strong>S\u00faly:<\/strong> 20 kg<br \/>\n<strong>Oszlopny\u00edl\u00e1sok m\u00e9retei:<\/strong> \u00d876, 40x40mm<br \/>\n<strong>Tartoz\u00e9kok:<\/strong><\/p>\n<ul>\n<li>2 db f\u00e9nyvisszaver\u0151 elem<\/li>\n<li>2 db 170x90mm-es log\u00f3<\/li>\n<\/ul>\n<p><strong>Alkalmaz\u00e1sa:<\/strong> Aut\u00f3p\u00e1ly\u00e1kon, k\u00f6zutakon, j\u00e1rd\u00e1kon, ideiglenes forgalomterel\u00e9sekn\u00e9l elhelyez\u00e9sre ker\u00fcl\u00f5 jelz\u00f5t\u00e1bl\u00e1k, korl\u00e1tok, jelz\u00f5l\u00e1mp\u00e1k \u00e9s egy\u00e9b forgalomtechnikai eszk\u00f6z\u00f6k talplemeze.<\/p>\n","protected":false},"excerpt":{"rendered":"<p><strong>M\u00e9ret:<\/strong> 600x400x95 mm<br \/>\n<strong>S\u00faly:<\/strong> 20 kg<br \/>\n<strong>Oszlopny\u00edl\u00e1sok m\u00e9retei:<\/strong> \u00d876, 40x40mm<br \/>\n<strong>Tartoz\u00e9kok:<\/strong><\/p>\n<ul>\n<li>2 db f\u00e9nyvisszaver\u0151 elem<\/li>\n<li>2 db 170x90mm-es log\u00f3<\/li>\n<\/ul>\n<p><strong>Alkalmaz\u00e1sa:<\/strong> Aut\u00f3p\u00e1ly\u00e1kon, k\u00f6zutakon, j\u00e1rd\u00e1kon, ideiglenes forgalomterel\u00e9sekn\u00e9l elhelyez\u00e9sre ker\u00fcl\u00f5 jelz\u00f5t\u00e1bl\u00e1k, korl\u00e1tok, jelz\u00f5l\u00e1mp\u00e1k \u00e9s egy\u00e9b forgalomtechnikai eszk\u00f6z\u00f6k talplemeze.<\/p>\n","protected":false},"featured_media":170,"comment_status":"open","ping_status":"closed","template":"","meta":[],"product_cat":[17,24],"product_tag":[],"class_list":{"0":"post-128","1":"product","2":"type-product","3":"status-publish","4":"has-post-thumbnail","6":"product_cat-forgalomtechnikai-eszkozok","7":"product_cat-talpak","9":"first","10":"instock","11":"shipping-taxable","12":"product-type-simple"},"_links":{"self":[{"href":"https:\/\/recyclen.hu\/index.php\/wp-json\/wp\/v2\/product\/128","targetHints":{"allow":["GET"]}}],"collection":[{"href":"https:\/\/recyclen.hu\/index.php\/wp-json\/wp\/v2\/product"}],"about":[{"href":"https:\/\/recyclen.hu\/index.php\/wp-json\/wp\/v2\/types\/product"}],"replies":[{"embeddable":true,"href":"https:\/\/recyclen.hu\/index.php\/wp-json\/wp\/v2\/comments?post=128"}],"version-history":[{"count":0,"href":"https:\/\/recyclen.hu\/index.php\/wp-json\/wp\/v2\/product\/128\/revisions"}],"wp:featuredmedia":[{"embeddable":true,"href":"https:\/\/recyclen.hu\/index.php\/wp-json\/wp\/v2\/media\/170"}],"wp:attachment":[{"href":"https:\/\/recyclen.hu\/index.php\/wp-json\/wp\/v2\/media?parent=128"}],"wp:term":[{"taxonomy":"product_cat","embeddable":true,"href":"https:\/\/recyclen.hu\/index.php\/wp-json\/wp\/v2\/product_cat?post=128"},{"taxonomy":"product_tag","embeddable":true,"href":"https:\/\/recyclen.hu\/index.php\/wp-json\/wp\/v2\/product_tag?post=128"}],"curies":[{"name":"wp","href":"https:\/\/api.w.org\/{rel}","templated":true}]}}