{"id":125,"date":"2023-04-29T21:47:42","date_gmt":"2023-04-29T21:47:42","guid":{"rendered":"https:\/\/recyclen.hu\/?post_type=product&#038;p=125"},"modified":"2023-04-29T21:56:02","modified_gmt":"2023-04-29T21:56:02","slug":"raklapmagasito","status":"publish","type":"product","link":"https:\/\/recyclen.hu\/index.php\/termek\/raklapmagasito\/","title":{"rendered":"Raklapmagas\u00edt\u00f3"},"content":{"rendered":"<p><b>M\u00e9ret:\u00a0<\/b>800 x 1200 x 200mm | 800 x 600 x 200mm<br \/>\n<b>S\u00faly: <\/b>10 kg | 7 kg<br \/>\n<b>El\u0151nyei a fa kerethez k\u00e9pest: <\/b><\/p>\n<ul>\n<li>Er\u0151sebb, mint a fa keret.<\/li>\n<li>Nem ig\u00e9nyel fedett t\u00e1rol\u00e1st, k\u00f6rnyezeti ig\u00e9nybev\u00e9teleknek ellen\u00e1ll (v\u00edz, UV, savak, l\u00fagok,stb.)<\/li>\n<li>Az elemek haszn\u00e1lata k\u00f6zben a sz\u00e1ll\u00edtott term\u00e9k nem szennyez\u0151dik faforg\u00e1ccsal, fa porral.<\/li>\n<li>Amennyiben a keret megs\u00e9r\u00fclne, akkor a s\u00e9r\u00fclt elemek cser\u00e9lhet\u0151k.<\/li>\n<li>A fa kerethez k\u00e9pest az \u00e9lettartama t\u00f6bbsz\u00f6r\u00f6s.<\/li>\n<li>M\u0171anyag raklappal \u00e9s m\u0171anyag fed\u0151lappal kombin\u00e1lva egy teljes csomagol\u00e1si egys\u00e9get k\u00e9pez.<\/li>\n<\/ul>\n<p><b>Alkalmaz\u00e1sa: <\/b>\u00d6mlesztett \u00e1ruk vagy nehezen \u00f6sszefoghat\u00f3 term\u00e9kek sz\u00e1ll\u00edt\u00e1s\u00e1t nagyban megk\u00f6nny\u00edti a m\u0171anyag raklapmagas\u00edt\u00f3 keret. A tetsz\u0151leges magass\u00e1gig egym\u00e1sra helyezhet\u0151 n\u00e9gysz\u00f6glet\u0171 m\u0171anyag keretek v\u00e9dik \u00e9s \u00f6sszetartj\u00e1k a sz\u00e1ll\u00edtand\u00f3 term\u00e9ket. Az elemek \u00e9s a raklap k\u00f6z\u00f6tti kapcsol\u00f3d\u00e1st a zsan\u00e9rok biztos\u00edtj\u00e1k. Ig\u00e9ny eset\u00e9n m\u0171anyag raklapot, m\u0171anyag fed\u0151lapot \u00e9s sorelv\u00e1laszt\u00f3 lemezeket is tudunk biztos\u00edtani.<\/p>\n","protected":false},"excerpt":{"rendered":"<p><b>M\u00e9ret:\u00a0<\/b>800 x 1200 x 200mm | 800 x 600 x 200mm<br \/>\n<b>S\u00faly: <\/b>10 kg | 7 kg<br \/>\n<b>El\u0151nyei a fa kerethez k\u00e9pest: <\/b><\/p>\n<ul>\n<li>Er\u0151sebb, mint a fa keret.<\/li>\n<li>Nem ig\u00e9nyel fedett t\u00e1rol\u00e1st, k\u00f6rnyezeti ig\u00e9nybev\u00e9teleknek ellen\u00e1ll (v\u00edz, UV, savak, l\u00fagok,stb.)<\/li>\n<li>Az elemek haszn\u00e1lata k\u00f6zben a sz\u00e1ll\u00edtott term\u00e9k nem szennyez\u0151dik faforg\u00e1ccsal, fa porral.<\/li>\n<li>Amennyiben a keret megs\u00e9r\u00fclne, akkor a s\u00e9r\u00fclt elemek cser\u00e9lhet\u0151k.<\/li>\n<li>A fa kerethez k\u00e9pest az \u00e9lettartama t\u00f6bbsz\u00f6r\u00f6s.<\/li>\n<li>M\u0171anyag raklappal \u00e9s m\u0171anyag fed\u0151lappal kombin\u00e1lva egy teljes csomagol\u00e1si egys\u00e9get k\u00e9pez.<\/li>\n<\/ul>\n<p><b>Alkalmaz\u00e1sa: <\/b>\u00d6mlesztett \u00e1ruk vagy nehezen \u00f6sszefoghat\u00f3 term\u00e9kek sz\u00e1ll\u00edt\u00e1s\u00e1t nagyban megk\u00f6nny\u00edti a m\u0171anyag raklapmagas\u00edt\u00f3 keret. A tetsz\u0151leges magass\u00e1gig egym\u00e1sra helyezhet\u0151 n\u00e9gysz\u00f6glet\u0171 m\u0171anyag keretek v\u00e9dik \u00e9s \u00f6sszetartj\u00e1k a sz\u00e1ll\u00edtand\u00f3 term\u00e9ket. Az elemek \u00e9s a raklap k\u00f6z\u00f6tti kapcsol\u00f3d\u00e1st a zsan\u00e9rok biztos\u00edtj\u00e1k. Ig\u00e9ny eset\u00e9n m\u0171anyag raklapot, m\u0171anyag fed\u0151lapot \u00e9s sorelv\u00e1laszt\u00f3 lemezeket is tudunk biztos\u00edtani.<\/p>\n","protected":false},"featured_media":162,"comment_status":"open","ping_status":"closed","template":"","meta":[],"product_cat":[31,23],"product_tag":[],"class_list":{"0":"post-125","1":"product","2":"type-product","3":"status-publish","4":"has-post-thumbnail","6":"product_cat-egyebek","7":"product_cat-raklapmagasito","9":"first","10":"instock","11":"shipping-taxable","12":"product-type-simple"},"_links":{"self":[{"href":"https:\/\/recyclen.hu\/index.php\/wp-json\/wp\/v2\/product\/125","targetHints":{"allow":["GET"]}}],"collection":[{"href":"https:\/\/recyclen.hu\/index.php\/wp-json\/wp\/v2\/product"}],"about":[{"href":"https:\/\/recyclen.hu\/index.php\/wp-json\/wp\/v2\/types\/product"}],"replies":[{"embeddable":true,"href":"https:\/\/recyclen.hu\/index.php\/wp-json\/wp\/v2\/comments?post=125"}],"version-history":[{"count":0,"href":"https:\/\/recyclen.hu\/index.php\/wp-json\/wp\/v2\/product\/125\/revisions"}],"wp:featuredmedia":[{"embeddable":true,"href":"https:\/\/recyclen.hu\/index.php\/wp-json\/wp\/v2\/media\/162"}],"wp:attachment":[{"href":"https:\/\/recyclen.hu\/index.php\/wp-json\/wp\/v2\/media?parent=125"}],"wp:term":[{"taxonomy":"product_cat","embeddable":true,"href":"https:\/\/recyclen.hu\/index.php\/wp-json\/wp\/v2\/product_cat?post=125"},{"taxonomy":"product_tag","embeddable":true,"href":"https:\/\/recyclen.hu\/index.php\/wp-json\/wp\/v2\/product_tag?post=125"}],"curies":[{"name":"wp","href":"https:\/\/api.w.org\/{rel}","templated":true}]}}

Raklapmagasító

<p><b>Méret: </b>800 x 1200 x 200mm | 800 x 600 x 200mm<br />
<b>Súly: </b>10 kg | 7 kg<br />
<b>Előnyei a fa kerethez képest: </b></p>
<ul>
<li>Erősebb, mint a fa keret.</li>
<li>Nem igényel fedett tárolást, környezeti igénybevételeknek ellenáll (víz, UV, savak, lúgok,stb.)</li>
<li>Az elemek használata közben a szállított termék nem szennyeződik faforgáccsal, fa porral.</li>
<li>Amennyiben a keret megsérülne, akkor a sérült elemek cserélhetők.</li>
<li>A fa kerethez képest az élettartama többszörös.</li>
<li>Műanyag raklappal és műanyag fedőlappal kombinálva egy teljes csomagolási egységet képez.</li>
</ul>
<p><b>Alkalmazása: </b>Ömlesztett áruk vagy nehezen összefogható termékek szállítását nagyban megkönnyíti a műanyag raklapmagasító keret. A tetszőleges magasságig egymásra helyezhető négyszögletű műanyag keretek védik és összetartják a szállítandó terméket. Az elemek és a raklap közötti kapcsolódást a zsanérok biztosítják. Igény esetén műanyag raklapot, műanyag fedőlapot és sorelválasztó lemezeket is tudunk biztosítani.</p>
